0 + r**2 - 9*r - 75. List the prime factors of n(-7).
2, 73
Let s be (10/(-25))/((-2)/30). List the prime factors of (-18)/(-42) + ((-17580)/(-7))/s.
419
Let i(w) = 30*w**2 - 88*w - 522. List the prime factors of i(-6).
2, 3, 181
Let q(t) = -t**2 + 3*t - 1. Let v be q(2). List the prime factors of 37/((-22)/12 + 1 + v).
2, 3, 37
Let w = 238 - 258. Let r(j) = j**2 - j + 1. What are the prime factors of r(w)?
421
Let x(g) = 3*g**2 - 21*g + 221. What are the prime factors of x(37)?
53, 67
Let k(c) = -2*c**3 - 3*c**2 - 11*c + 51. Let q be k(-8). What are the prime factors of q - (35/(-7) + 4)?
2, 3
Let s(a) = -a**2 - 5*a + 6. Let i be s(-5). Suppose 2231 = -i*p + 29*p. What are the prime factors of p?
97
Let f = 262 - -1652. List the prime factors of (f/3 + 1)*1.
3, 71
Let b(h) = 4*h**2 - 3*h - 2. Let l be b(-1). Suppose 4*s - 138 = -5*a, l*a = a + s + 123. Suppose 0*u = 2*u - a. What are the prime factors of u?
3, 5
Let k = -118 - -120. Suppose -2*t = -0*t + k, -t + 107 = 4*a. What are the prime factors of 21*(84/16)/(a/24)?
2, 7
Let j(y) = 4*y**2 + 47*y - 60. Let n = 166 + -184. What are the prime factors of j(n)?
2, 3, 5, 13
Suppose 2*n + 127 + 29 = 0. Let j = -56 - n. Suppose -5*t = -s - j, s + 6*t = 3*t + 18. List the prime factors of s.
3
Let t(q) = -411*q**3 - 9*q**2 + 6*q + 121. List the prime factors of t(-5).
51241
Let w(i) = i**3 + 2*i**2 + i + 2033. Let f be w(0). Let v = f + -1037. List the prime factors of v.
2, 3, 83
Let w be (0/(-3))/(1 + 0) + 0. Suppose w = -y - 2*y + 12. Suppose -y*c - 64 = -2*p, 0*p + 5*p - 2*c - 152 = 0. What are the prime factors of p?
2, 3, 5
Let v(q) = -2*q**3 + 2*q**2 - 4*q + 3. Let f be v(1). List the prime factors of (-19033)/(-35) + f - 8/10.
2, 271
Let b(k) = -48 - 2*k - 2*k + 14*k**2 - 12*k**2 + 25*k**2. What are the prime factors of b(-5)?
647
Let p(w) = 8*w + 287. Let m be p(-36). Let b(g) = g**2 + 8*g + 9. Let q be b(-6). List the prime factors of (m - -10)/q - -74.
71
Suppose 3*j - 2*o - 1908 = 0, -29*o + 31*o = -3*j + 1920. Let z = 1184 - j. List the prime factors of z.
2, 3, 7, 13
Suppose -2*b - c + 9858 = -13733, -4*b = 4*c - 47180. What are the prime factors of b?
2, 3, 983
Suppose -4*b = -0*k + 5*k - 33683, 8*k + 25321 = 3*b. What are the prime factors of b?
3, 53
List the prime factors of (-3)/10 - (3583460/(-200) + 8).
17909
Suppose 5*i - 156 = 319. Let b = i - 157. Let j = b + 66. List the prime factors of j.
2
List the prime factors of (-9 + 12/4 + 5752/4)*3.
2, 3, 179
Let l(x) = 5*x**3 - 4*x**3 - 3*x + 7*x**2 - 7 + 14. Let r(y) = y**3 + 97*y**2 + 545*y - 86. Let n be r(-91). What are the prime factors of l(n)?
2, 73
Let j(y) = y**3 + y - 1. Let k(u) = -7*u**3 + 17*u**2 - 19*u + 36. Let w(g) = 6*j(g) + k(g). What are the prime factors of w(14)?
2, 109
Suppose -11*j + 15 = -51. Suppose -3*w - 122 = -4*p + j, 4*p - 136 = 5*w. List the prime factors of p.
29
Let y be (-20 + 18)/((-1)/66*-4). Let o = 30 + y. List the prime factors of (-372)/6*(-1)/((-3)/o).
2, 31
Suppose -2*u + 7480 = -3*p, -2*p = 2*u - 4812 - 2668. Suppose -u = 24*i - 29*i. List the prime factors of i.
2, 11, 17
Let z = -1804 + 9631. What are the prime factors of z?
3, 2609
Suppose 3*y = -34*s + 29*s + 47, 3*s - 34 = 4*y. Suppose 1033 = s*o - 9*o. What are the prime factors of o?
1033
Let k be -1*((-4892)/4 - (-2)/(-1)). Suppose 4*b = -0*b + o + 1634, -3*b + o + k = 0. What are the prime factors of b?
409
Suppose 15 - 5 = 2*k, k - 389 = -2*c. Suppose -2*n - 6*s + 3*s + c = 0, 5*n + 5*s = 490. List the prime factors of n.
2, 3, 17
Suppose -20*y = -31*y - 1991. Let n = y + 617. What are the prime factors of n?
2, 109
Suppose 3*d + 9 = 3*i + 2*i, 2 = 4*i - 5*d. Let m(o) = 3*o - 13 - 18*o + 2 + i*o. What are the prime factors of m(-8)?
5, 17
Let m(t) be the third derivative of 13*t**2 + 11/24*t**4 + 11/60*t**5 + 0*t + 1/120*t**6 + 5/2*t**3 + 0. List the prime factors of m(-10).
5
Let i(z) = 188*z**2 - 13*z + 24. Let u = 564 - 562. List the prime factors of i(u).
2, 3, 5
What are the prime factors of 2/(-12) - ((-75363709)/(-114))/(-79)?
2, 523
Suppose -4*l - 16 = 0, -2*l - 78 = -3*u + 4*u. Let f = u - -175. Let y = f + -55. List the prime factors of y.
2, 5
Let x(i) = -20*i - 103. Let k be x(-20). Let h = k + -195. What are the prime factors of h?
2, 3, 17
Let a(p) = -3*p**2 + 8*p + 19. Let j be a(-7). Let d be (-2 + -6)/4 - j. Suppose 22 = -2*h + d. List the prime factors of h.
2, 5
Let l(t) = -t**2 + 5*t - 10. Let p be l(5). Let b be (4 - 8/5) + (-6)/p. Suppose -7 = b*w - 85. What are the prime factors of w?
2, 13
Suppose -5*h = 4*t + 625 - 2555, 0 = 5*t + 3*h - 2419. Suppose -490*f = -t*f - 1990. List the prime factors of f.
2, 199
Let n = 565 + -214. What are the prime factors of 110838/n - 4/(-18)?
2, 79
Let o(h) = -19*h + 28. Let f(t) = 2*t**2 + 9*t + 12. Let s be f(-6). Let w be (-40)/s - (-29)/(-3). List the prime factors of o(w).
3, 79
Suppose -8*g = -3*g - 90. Let a be (75/(-9))/((-2)/g). Suppose 4*w = 295 - a. List the prime factors of w.
5, 11
List the prime factors of (-11 + -1027 + -9)*-5.
3, 5, 349
Let i be (-8)/(-7)*203/2. Let p = 520 - i. What are the prime factors of p?
2, 101
Let v be (-3)/(4/((-16)/(-6))) - -6. Let h be -4 + v + (55 - 4). Let i = h - 3. What are the prime factors of i?
2, 3
Suppose 0 = -5*f + 2*r + 58, -5*f - 4*r = -2*f - 14. What are the prime factors of ((-75)/f + 6)*-86?
3, 43
Let v = 453 + -451. Suppose -v*c + 1528 = -4*p + p, 4*p = -4*c + 3016. What are the prime factors of c?
2, 379
List the prime factors of (-4)/16 - 8809*6/(-24).
2, 3, 367
Let p(d) = d**2 - 18*d + 147. Let s be p(42). Let r = s + -148. What are the prime factors of r?
19, 53
Let k(p) = -186*p**3 - 2*p**2 - 3*p - 2. Let q be k(-1). Suppose 0 = -5*v + 3*h + q + 395, h + 114 = v. List the prime factors of v.
7, 17
Suppose 2*w - 3*c - 54952 = -2*w, 3*w - 41213 = 2*c. What are the prime factors of w?
5, 41, 67
Suppose -304145 + 34685 = -30*m. What are the prime factors of m?
2, 3, 499
Suppose -704*y = -788*y + 2618784. What are the prime factors of y?
2, 3, 433
Let y(n) = 875*n - 137. Let c be y(9). Suppose -20*k - c + 30098 = 0. What are the prime factors of k?
2, 13, 43
Let u be -1731*(-20)/150 + 4/(-5). Let r = 140 + u. What are the prime factors of r?
2, 5, 37
Let i(x) = 17*x**3 + 6*x**2 + 8*x - 8. Let u = -34 + 39. Let a be i(u). Suppose a = 9*n - 168. What are the prime factors of n?
5, 11
Suppose -2*y - i + 6*i + 343 = 0, -3*y - 2*i + 562 = 0. Suppose y = 2*m - m. List the prime factors of m.
2, 23
Let s = 39 + -22. Let c(h) = -36 - 9*h - s - 16. What are the prime factors of c(-16)?
3, 5
Let t = 41 + 18. Let i = t + -45. What are the prime factors of (-843)/(-6) + 35/i?
11, 13
Let j = -395 + 3618. Suppose -6*k = -1337 - j. List the prime factors of k.
2, 5, 19
Suppose 0 = -22*n + 10*n + 1297 + 33719. List the prime factors of n.
2, 1459
Let l = -4998 - -10111. List the prime factors of l.
5113
Let r be 5*-8*326/(-40). Suppose -5*g = -251 + 1376. Let n = g + r. What are the prime factors of n?
101
Let g(b) = 13*b**3 - 4*b - 3. Let j be g(-1). List the prime factors of 198*(j/8 - -5).
3, 7, 11
Suppose -4*a - 4 = -6*a. Let j(c) = -c**2 - 11*c + 5. Let u be j(-8). Suppose y = a*d + u, y + d = -0*y + 44. List the prime factors of y.
3, 13
Let f(j) = -j**3 + 6*j**2 - 7*j - 1. Let p be f(4). Suppose -2*k - 4*u = -3*k - 119, p*k + 3*u = -417. What are the prime factors of (96/(-10))/(9/k)?
2, 3
Let m(a) = a**2 - 2*a + 1. Let v be m(2). Let y(d) = -d**2 + 5*d + 6*d**2 - 4*d**2 + v. List the prime factors of y(5).
3, 17
List the prime factors of 230/(-4)*(-2 - (-1644)/(-10)).
2, 13, 23
Let h(c) = 56*c**2 + 13*c - 465. List the prime factors of h(12).
3, 5, 11, 47
Let o = -337 - -335. List the prime factors of 1/(o*1/(-46)).
23
Suppose -4*i - 3*q = 4, 0 = -6*i + 9*i - 4*q + 28. List the prime factors of -1 - (i/10 + (-8144)/40).
7, 29
Let h be 10/2 + -4 - -4. Suppose 0 = h*i + 2*q - 1593, -4*i + q = -2*q - 1256. List the prime factors of i.
317
Let d(q) = -1244*q + 1100. List the prime factors of d(-5).
2, 3, 5, 61
Let n be 6 + -3 + -2 + -1. Suppose n = -3*y + 5*x + 479 + 1118, 4*y - 4*x - 2132 = 0. What are the prime factors of y?
2, 3, 89
Let f be ((-187198)/(-12))/1 - (-3)/18. Suppose -18*g + 5*g - f = 0. List the prim